{"id":13,"date":"2023-09-06T15:15:04","date_gmt":"2023-09-06T13:15:04","guid":{"rendered":"https:\/\/harmytech.com\/?page_id=13"},"modified":"2023-09-16T06:07:51","modified_gmt":"2023-09-16T04:07:51","slug":"a-propos","status":"publish","type":"page","link":"https:\/\/harmytech.com\/index.php\/a-propos\/","title":{"rendered":"A propos"},"content":{"rendered":"<style>.kb-row-layout-id13_ed1dd1-b9 > .kt-row-column-wrap{align-content:start;}:where(.kb-row-layout-id13_ed1dd1-b9 > .kt-row-column-wrap) > .wp-block-kadence-column{justify-content:start;}.kb-row-layout-id13_ed1dd1-b9 > .kt-row-column-wrap{column-gap:var(--global-kb-gap-md, 2rem);row-gap:var(--global-kb-gap-md, 2rem);padding-top:var(--global-kb-spacing-sm, 1.5rem);padding-bottom:var(--global-kb-spacing-sm, 1.5rem);grid-template-columns:minmax(0, 1fr);}.kb-row-layout-id13_ed1dd1-b9 > .kt-row-layout-overlay{opacity:0.30;}@media all and (max-width: 1024px){.kb-row-layout-id13_ed1dd1-b9 > .kt-row-column-wrap{grid-template-columns:minmax(0, 1fr);}}@media all and (max-width: 767px){.kb-row-layout-id13_ed1dd1-b9 > .kt-row-column-wrap{grid-template-columns:minmax(0, 1fr);}}<\/style><div class=\"kb-row-layout-wrap kb-row-layout-id13_ed1dd1-b9 alignnone wp-block-kadence-rowlayout\"><div class=\"kt-row-column-wrap kt-has-1-columns kt-row-layout-equal kt-tab-layout-inherit kt-mobile-layout-row kt-row-valign-top\">\n<style>.kadence-column13_dd8ca5-d9 > .kt-inside-inner-col,.kadence-column13_dd8ca5-d9 > .kt-inside-inner-col:before{border-top-left-radius:0px;border-top-right-radius:0px;border-bottom-right-radius:0px;border-bottom-left-radius:0px;}.kadence-column13_dd8ca5-d9 > .kt-inside-inner-col:before{opacity:0.3;}.kadence-column13_dd8ca5-d9{position:relative;}<\/style>\n<div class=\"wp-block-kadence-column kadence-column13_dd8ca5-d9\"><div class=\"kt-inside-inner-col\"><\/div><\/div>\n\n<\/div><\/div>\n\n<style>.kb-image13_98a716-87 .kb-image-has-overlay:after{opacity:0.3;}<\/style>\n<figure class=\"wp-block-kadence-image kb-image13_98a716-87 size-large\"><img loading=\"lazy\" decoding=\"async\" width=\"1024\" height=\"1024\" src=\"https:\/\/harmytech.com\/wp-content\/uploads\/2023\/09\/Insta-Post-\u2013-2-1024x1024.jpg\" alt=\"\" class=\"kb-img wp-image-44\" srcset=\"https:\/\/harmytech.com\/wp-content\/uploads\/2023\/09\/Insta-Post-\u2013-2-1024x1024.jpg 1024w, https:\/\/harmytech.com\/wp-content\/uploads\/2023\/09\/Insta-Post-\u2013-2-300x300.jpg 300w, https:\/\/harmytech.com\/wp-content\/uploads\/2023\/09\/Insta-Post-\u2013-2-150x150.jpg 150w, https:\/\/harmytech.com\/wp-content\/uploads\/2023\/09\/Insta-Post-\u2013-2-768x768.jpg 768w, https:\/\/harmytech.com\/wp-content\/uploads\/2023\/09\/Insta-Post-\u2013-2-1536x1536.jpg 1536w, https:\/\/harmytech.com\/wp-content\/uploads\/2023\/09\/Insta-Post-\u2013-2-2048x2048.jpg 2048w\" sizes=\"auto, (max-width: 1024px) 100vw, 1024px\" \/><\/figure>\n\n\n<style>.kb-row-layout-id13_0740c4-cc > .kt-row-column-wrap{align-content:start;}:where(.kb-row-layout-id13_0740c4-cc > .kt-row-column-wrap) > .wp-block-kadence-column{justify-content:start;}.kb-row-layout-id13_0740c4-cc > .kt-row-column-wrap{column-gap:var(--global-kb-gap-md, 2rem);row-gap:var(--global-kb-gap-md, 2rem);max-width:1000px;margin-left:auto;margin-right:auto;padding-top:var(--global-kb-spacing-sm, 1.5rem);padding-bottom:var(--global-kb-spacing-xxs, 0.5rem);grid-template-columns:minmax(0, 1fr);}.kb-row-layout-id13_0740c4-cc > .kt-row-layout-overlay{opacity:0.30;}@media all and (max-width: 1024px){.kb-row-layout-id13_0740c4-cc > .kt-row-column-wrap{grid-template-columns:minmax(0, 1fr);}}@media all and (max-width: 767px){.kb-row-layout-id13_0740c4-cc > .kt-row-column-wrap{grid-template-columns:minmax(0, 1fr);}}<\/style><div class=\"kb-row-layout-wrap kb-row-layout-id13_0740c4-cc alignnone wp-block-kadence-rowlayout\"><div class=\"kt-row-column-wrap kt-has-1-columns kt-row-layout-equal kt-tab-layout-inherit kt-mobile-layout-row kt-row-valign-top\">\n<style>.kadence-column13_140381-20 > .kt-inside-inner-col,.kadence-column13_140381-20 > .kt-inside-inner-col:before{border-top-left-radius:0px;border-top-right-radius:0px;border-bottom-right-radius:0px;border-bottom-left-radius:0px;}.kadence-column13_140381-20 > .kt-inside-inner-col:before{opacity:0.3;}.kadence-column13_140381-20{position:relative;}<\/style>\n<div class=\"wp-block-kadence-column kadence-column13_140381-20\"><div class=\"kt-inside-inner-col\">\n<p class=\"has-text-align-center\"><strong>HARMYTECH, soci\u00e9t\u00e9 par actions simplifi\u00e9e, au capital social de 5 000,00 \u20ac, dont le si\u00e8ge social est situ\u00e9 au 1 RUE JULIUS ET ETHEL ROSENBERG, 95870 BEZONS, immatricul\u00e9e au Registre du Commerce et des Soci\u00e9t\u00e9s de Pontoise sous le num\u00e9ro 978 504 439 repr\u00e9sent\u00e9e par M Jordan LEOPOLDIE agissant et ayant les pouvoirs n\u00e9cessaires en tant que pr\u00e9sident.<\/strong><\/p>\n<\/div><\/div>\n\n<\/div><\/div>","protected":false},"excerpt":{"rendered":"<p>HARMYTECH, soci\u00e9t\u00e9 par actions simplifi\u00e9e, au capital social de 5 000,00 \u20ac, dont le si\u00e8ge social est situ\u00e9 au 1 RUE JULIUS ET ETHEL ROSENBERG, 95870 BEZONS, immatricul\u00e9e au Registre du Commerce et des Soci\u00e9t\u00e9s de Pontoise sous le num\u00e9ro 978 504 439 repr\u00e9sent\u00e9e par M Jordan LEOPOLDIE agissant et ayant les pouvoirs n\u00e9cessaires en [&hellip;]<\/p>\n","protected":false},"author":1,"featured_media":0,"parent":0,"menu_order":0,"comment_status":"closed","ping_status":"closed","template":"","meta":{"footnotes":""},"class_list":["post-13","page","type-page","status-publish","hentry"],"_links":{"self":[{"href":"https:\/\/harmytech.com\/index.php\/wp-json\/wp\/v2\/pages\/13","targetHints":{"allow":["GET"]}}],"collection":[{"href":"https:\/\/harmytech.com\/index.php\/wp-json\/wp\/v2\/pages"}],"about":[{"href":"https:\/\/harmytech.com\/index.php\/wp-json\/wp\/v2\/types\/page"}],"author":[{"embeddable":true,"href":"https:\/\/harmytech.com\/index.php\/wp-json\/wp\/v2\/users\/1"}],"replies":[{"embeddable":true,"href":"https:\/\/harmytech.com\/index.php\/wp-json\/wp\/v2\/comments?post=13"}],"version-history":[{"count":5,"href":"https:\/\/harmytech.com\/index.php\/wp-json\/wp\/v2\/pages\/13\/revisions"}],"predecessor-version":[{"id":36,"href":"https:\/\/harmytech.com\/index.php\/wp-json\/wp\/v2\/pages\/13\/revisions\/36"}],"wp:attachment":[{"href":"https:\/\/harmytech.com\/index.php\/wp-json\/wp\/v2\/media?parent=13"}],"curies":[{"name":"wp","href":"https:\/\/api.w.org\/{rel}","templated":true}]}}